 + 208, r - 97 = 2*m. Let c = r + -66. What is the units digit of c?
5
Suppose -179504 = -310*q + 213071 + 261525. What is the hundreds digit of q?
1
Let h = -6938 + 11381. What is the hundreds digit of h?
4
Let y = 15235 + -3898. What is the units digit of y?
7
Let p(v) = v**3 - 10*v**2 + 5*v - 5. Let x be p(10). Let t = x + -87. Let f = 126 + t. What is the units digit of f?
4
Suppose 5*g = 4383 + 227. Let u = g + -543. What is the hundreds digit of u?
3
Suppose -k = -2*k. Let u be (-64)/(-56) - 30/(-35). Suppose k*r + u*r - 350 = -5*m, 0 = m + 2*r - 62. What is the units digit of m?
2
Suppose p = c - 4166, -3*p = 4*c - 3*c - 4190. What is the hundreds digit of c?
1
Suppose 5*l - 87043 = g + 49515, 27320 = l - 3*g. Suppose 26*w + 5*w = l. What is the hundreds digit of w?
8
Let s = 447 + -420. Suppose -22*x - 4370 = -s*x. What is the hundreds digit of x?
8
Let b = 6722 - -7028. What is the tens digit of b?
5
Suppose 5*u - 1019 - 1085 = -2*z, 9 = -3*z. Let n = 142 + u. What is the units digit of n?
4
Let l(t) be the third derivative of -t**6/120 + t**5/4 + 5*t**4/24 - 13*t**3/3 + 2*t**2 + 90*t. What is the hundreds digit of l(11)?
5
Let s(w) = 2*w**3 - 14*w**2 + 43*w + 6. Let b = -193 + 198. What is the hundreds digit of s(b)?
1
What is the units digit of 2/(-20) - (-9265412)/920?
1
Let r = 20660 - -1991. What is the tens digit of r?
5
What is the thousands digit of (-7 - (-13 + -21063)) + (-20)/(-5)?
1
Let y = 8709 - 3560. What is the hundreds digit of y?
1
Let i = -157 + 159. Suppose -2*k + 5*v = i*v - 2, 5*k - 3*v = 14. What is the units digit of k?
4
Let d = 13417 + -6447. Suppose -12*a = -2*a - d. What is the units digit of a?
7
Suppose 94*m - 35660 = 90*m. What is the thousands digit of m?
8
Let a be 1 + 68/(-60) + (-124)/(-30). Suppose 2*n - 5*x + 218 = 3*n, -780 = -a*n + 3*x. Let c = 506 - n. What is the tens digit of c?
0
Let y(h) = -4 - h**2 - 5 - 19*h - 4. Let p be y(-18). Suppose 0 = -p*f + 90 + 35. What is the units digit of f?
5
Let o(q) = 56*q**2 + q - 2. Let r be o(-2). Suppose 9*s = -2*s + r. Suppose 0 = n - 6*m + 2*m - s, -5*m = -4*n + 36. What is the units digit of n?
4
Suppose -3*p + 15568 = -2*p + 175. What is the tens digit of p?
9
Let i be ((-16)/12 + 4/6)/((-168)/1260). Let t = -555 - -1090. Suppose i*j - t = -3*v, 5*v + 5*j + 145 = 6*v. What is the tens digit of v?
7
Suppose 17*p - 224 = 10*p. Suppose -16*y + p*y - 4464 = 0. What is the units digit of y?
9
Let b(u) = -198*u**3 - u**2 + 5*u + 10. Let v be b(-3). Suppose 400 - v = -4*i. What is the units digit of (-4)/(-14) - -2*i/42?
9
Suppose 0 = -3*u - g + 22393, -4*g = 32*u - 35*u + 22358. What is the units digit of u?
2
Let n(o) = o**2 - 2*o + 35. Let q be -5*(-18)/20*4/3. What is the tens digit of n(q)?
5
Let q(b) = -b**2. Let h(m) = m - 10. Let t(k) = h(k) - q(k). Let s be t(3). Suppose 97 = s*p - 113. What is the tens digit of p?
0
Let t be 10*(-4)/(-10) - 2. Suppose -r = n + 1, 0 = 4*n - t - 2. Let v = 4 + r. What is the units digit of v?
2
Let r(a) = 142*a - 762. What is the hundreds digit of r(131)?
8
Let l = 1 + -1. Suppose 2*o - 10 = l, 2*o + 105 = a - 0*o. Let j = 82 + a. What is the units digit of j?
7
Suppose -31*x - 179280 = -708078. What is the thousands digit of x?
7
Let z = 554 - 539. Suppose z - 51 = -2*s. What is the tens digit of s?
1
Let t = 169 - 374. Let f = -104 - t. Suppose -q + f = -3*i, 3*q + 2*i - 292 + 0 = 0. What is the units digit of q?
8
Let z(o) = -o**3 + 6*o**2 - 9*o - 13. Let y = -337 + 330. What is the tens digit of z(y)?
8
Let p be -3 + -2 + 1 - (-4 - -48). What is the units digit of (-37880)/p + (-85)/(-30) + -3?
9
Let a be 2/6*(-8 - -2). Let i be (-7)/(-1) - (a + 5). Suppose f = i*y + 22, 3*f = -5*y + 76 - 27. What is the units digit of f?
8
What is the thousands digit of (5/5)/((-2)/(-16)) + 4117?
4
Let l(s) = -2*s + 62. Let c = 238 - 238. What is the units digit of l(c)?
2
Let b be (81/6)/(1/12). Suppose -27 = -32*h + 133. Suppose 4*o + 320 = 4*n, -h*o = -2*n + 7 + b. What is the tens digit of n?
7
Let u(q) be the second derivative of 49*q**4/6 + 2*q**3/3 - q**2 + 4*q. Suppose -2*r + 8 = -j + r, r = 3. What is the hundreds digit of u(j)?
1
Let c(a) = 204*a**3 + 3*a**2 - 4*a + 2. Let u be c(1). Let o be 136/6*(-72)/(-48). Suppose t + o = u. What is the tens digit of t?
7
Suppose -3*y + 4*m = -3, 3*y = -y + m + 4. Let i(k) = 87*k**3 - k. Let b be i(y). Let z = b - 61. What is the units digit of z?
5
Let s(p) = -4014*p - 526. What is the ten thousands digit of s(-11)?
4
Let t(b) = -3*b**3 - 2*b**2 - 378*b + 50. What is the thousands digit of t(-18)?
3
Suppose -2*x = -6*x + 1040. Suppose -1 = -5*i - 16, 16 = 2*m - 2*i. Suppose -x = m*j - 7*j. What is the hundreds digit of j?
1
Suppose -5*f - 60305 = -11*m, 5467 = 11*m - 10*m - 3*f. What is the tens digit of m?
8
Suppose n + 47868 = 2*n + 5*n. What is the thousands digit of n?
7
Suppose 0 = 5*m + 5 - 505. Let f = m + 91. What is the hundreds digit of f?
1
Suppose i + 12 = 4*x, 2*x = -8*i + 12*i + 34. Let n(z) = 17*z - 8*z + 0*z**3 + 10*z**2 - 10 + 0 + z**3. What is the tens digit of n(i)?
4
What is the tens digit of 8/(-4) + 2 + 8061 + 2?
6
Let f = 61 - 43. Suppose 3*c + 4*k - f = c, 0 = -4*c - k + 15. Suppose -3*d - c*d = -240. What is the units digit of d?
0
Suppose -6*r + 14 = -16. Suppose -1007 = r*m - 8*m + 4*j, m - 339 = 3*j. What is the hundreds digit of m?
3
Suppose -395904 = -c - 26*c + 316059. What is the units digit of c?
9
Suppose v + 5*h + 12 + 53 = 0, 5*v = -h - 205. Let r be (-2)/(-3) - (v/(-15))/4. Suppose -u + 18 = 2*s + 1, -u - s + 15 = r. What is the tens digit of u?
1
Suppose 46*q - 44*q + 3*l = 105666, -2*q = -3*l - 105702. What is the hundreds digit of q?
8
Let k(j) be the first derivative of 55*j**4/4 + 4*j**3/3 - 5*j**2/2 - 3*j + 31. What is the tens digit of k(2)?
4
Suppose -8*x + 3*x + 19740 = 0. Suppose -4*z = -5*i + 631 - x, -2*z + 5*i + 1671 = 0. What is the units digit of z?
3
Suppose -t - 2*j + 398 = 0, -5*t - 23*j = -21*j - 2014. Suppose 0 = 395*w - t*w + 2403. What is the hundreds digit of w?
2
Let s be 239 + 1 - (-34 - -35). Let n = s + 4. What is the units digit of n?
3
Let i be ((-4)/14)/((-8)/56). Suppose 0 = 7*p - 6*p - i, -2*d + 678 = 2*p. What is the tens digit of d?
3
Let i(q) = 6*q**2 + q + 1858. What is the hundreds digit of i(-39)?
9
Let k(d) = -d**2 - 2*d + 206. Let z be (0 + 2)*930/(-20). Let b = -93 - z. What is the units digit of k(b)?
6
What is the units digit of (-364)/(-156)*(1*37038)/2?
1
Let y(n) be the second derivative of n**2/2 + 5*n. Let w(u) = -u - 7. Let x(d) = -w(d) - 5*y(d). What is the units digit of x(0)?
2
Let r = 48325 + -28510. What is the units digit of r?
5
Let k(o) = 8*o**2 + 7. Suppose 18 = 4*r - 5*n, -4 = -4*r + r - n. Let p be r + 2 + (-1 - 0). What is the tens digit of k(p)?
7
Let f = 41 - 37. Let s(t) = -t**3 + 6*t**2 - 6*t - 6. Let a be s(f). Suppose -6*m + a*m + 128 = 0. What is the units digit of m?
2
Let j(l) be the first derivative of 4*l**3/3 - 59*l**2/2 + 108*l + 25. What is the tens digit of j(27)?
3
Let o(l) = -l**2 + 9*l - 13. Let s be o(8). Let f be ((-6)/6)/(1/s). What is the tens digit of (-120)/f*8/(-3)?
6
Suppose 3663 = 2*h - 147. What is the thousands digit of h?
1
Let b(j) = -4*j**2 + 56*j - 35. Let y be b(7). Suppose -5*l - 35 = 155. Let g = l + y. What is the tens digit of g?
2
Let i(o) = 42*o**2 - 249*o + 954. What is the tens digit of i(4)?
3
What is the units digit of 6 + -19 + -3 + 30793?
7
Suppose -2*y + 20 = 2*q, -5*q + y + 0*y + 32 = 0. Suppose 0 = -2*m, -m = -2*h - 5*m + 312. Suppose -h = -q*i + 845. What is the units digit of i?
3
Let s = 13 + -3. Let w(c) = -4*c - 12 - 15 + s. What is the tens digit of w(-8)?
1
Let j(z) = 4*z - 3. Let c(i) = -4*i + 3. Let q(u) = -5*c(u) - 4*j(u). Suppose -6*l + 0*l + 18 = 0. What is the units digit of q(l)?
9
Let x(k) = -3*k**3 + 4*k**2 - k + 4. Let b be x(-4). Suppose 4*f + 18*r - 20*r - 16 = 0, -3*r - 14 = -4*f. Suppose f*g - b = 2*g. What is the units digit of g?
8
Let f(b) = 30*b**2 + 41*b - 103. What is the units digit of f(-20)?
7
Suppose -30*b - 16 = -28*b. What is the hundreds digit of (950 + 0 - -6) + b?
9
Suppose -4*j = 4*l - 8*l + 8952, 2246 = l - 3*j. Suppose 3*a + 6*y = 8*y + 3332, 0 = -2*a - 5*y + l. What is the thousands digit o